 the prime factors of 77941.
41, 1901
What are the prime factors of 62208?
2, 3
What are the prime factors of 658?
2, 7, 47
What are the prime factors of 1003?
17, 59
List the prime factors of 55329.
3, 18443
List the prime factors of 4069.
13, 313
What are the prime factors of 2210?
2, 5, 13, 17
List the prime factors of 629.
17, 37
List the prime factors of 2006.
2, 17, 59
What are the prime factors of 3065?
5, 613
What are the prime factors of 14013?
3, 173
What are the prime factors of 164617?
164617
List the prime factors of 62734.
2, 7, 4481
What are the prime factors of 9551?
9551
List the prime factors of 7620.
2, 3, 5, 127
What are the prime factors of 14153?
14153
List the prime factors of 3741.
3, 29, 43
List the prime factors of 102211.
43, 2377
What are the prime factors of 98?
2, 7
What are the prime factors of 3322?
2, 11, 151
List the prime factors of 233.
233
What are the prime factors of 41033?
37, 1109
List the prime factors of 40751.
40751
What are the prime factors of 46953?
3, 37, 47
List the prime factors of 33172.
2, 8293
List the prime factors of 475.
5, 19
What are the prime factors of 7139?
11, 59
List the prime factors of 10900.
2, 5, 109
What are the prime factors of 19257?
3, 7, 131
List the prime factors of 241.
241
What are the prime factors of 4156?
2, 1039
List the prime factors of 1953.
3, 7, 31
What are the prime factors of 847?
7, 11
List the prime factors of 2127.
3, 709
What are the prime factors of 141502?
2, 139, 509
What are the prime factors of 1500?
2, 3, 5
List the prime factors of 49068.
2, 3, 29, 47
List the prime factors of 82.
2, 41
What are the prime factors of 15926?
2, 7963
What are the prime factors of 94821?
3, 31607
What are the prime factors of 1212?
2, 3, 101
List the prime factors of 3218.
2, 1609
List the prime factors of 1893.
3, 631
List the prime factors of 3277.
29, 113
List the prime factors of 20408.
2, 2551
List the prime factors of 5643.
3, 11, 19
List the prime factors of 4921.
7, 19, 37
What are the prime factors of 34376?
2, 4297
What are the prime factors of 1166?
2, 11, 53
What are the prime factors of 2325?
3, 5, 31
List the prime factors of 3152.
2, 197
What are the prime factors of 4377?
3, 1459
List the prime factors of 1481.
1481
What are the prime factors of 21312?
2, 3, 37
List the prime factors of 72608.
2, 2269
What are the prime factors of 735?
3, 5, 7
List the prime factors of 39297.
3, 13099
What are the prime factors of 82191?
3, 27397
What are the prime factors of 149100?
2, 3, 5, 7, 71
What are the prime factors of 9211?
61, 151
What are the prime factors of 118112?
2, 3691
What are the prime factors of 116838?
2, 3, 6491
List the prime factors of 4704.
2, 3, 7
List the prime factors of 2237.
2237
List the prime factors of 118057.
118057
What are the prime factors of 5509?
7, 787
What are the prime factors of 6468?
2, 3, 7, 11
List the prime factors of 45195.
3, 5, 23, 131
List the prime factors of 15022.
2, 7, 29, 37
List the prime factors of 16311.
3, 5437
What are the prime factors of 55751?
197, 283
What are the prime factors of 8451?
3, 313
List the prime factors of 8770.
2, 5, 877
List the prime factors of 3728.
2, 233
What are the prime factors of 8034?
2, 3, 13, 103
What are the prime factors of 3908?
2, 977
List the prime factors of 718.
2, 359
List the prime factors of 1106.
2, 7, 79
List the prime factors of 1353.
3, 11, 41
What are the prime factors of 3849?
3, 1283
List the prime factors of 140824.
2, 29, 607
List the prime factors of 161.
7, 23
What are the prime factors of 157419?
3, 17491
List the prime factors of 2273.
2273
What are the prime factors of 6897?
3, 11, 19
List the prime factors of 31097.
11, 257
List the prime factors of 1884.
2, 3, 157
List the prime factors of 66123.
3, 31, 79
What are the prime factors of 2212?
2, 7, 79
List the prime factors of 641.
641
List the prime factors of 50368.
2, 787
What are the prime factors of 52987?
11, 4817
What are the prime factors of 4158?
2, 3, 7, 11
List the prime factors of 1109.
1109
What are the prime factors of 34565?
5, 31, 223
List the prime factors of 16593.
3, 5531
What are the prime factors of 34544?
2, 17, 127
List the prime factors of 68634.
2, 3, 31, 41
List the prime factors of 857.
857
What are the prime factors of 20978?
2, 17, 617
What are the prime factors of 88425?
3, 5, 131
What are the prime factors of 5613?
3, 1871
What are the prime factors of 39492?
2, 3, 1097
What are the prime factors of 114150?
2, 3, 5, 761
List the prime factors of 12006.
2, 3, 23, 29
List the prime factors of 5219.
17, 307
What are the prime factors of 14684?
2, 3671
What are the prime factors of 572?
2, 11, 13
What are the prime factors of 2815?
5, 563
List the prime factors of 666.
2, 3, 37
What are the prime factors of 13889?
17, 19, 43
List the prime factors of 27018.
2, 3, 19, 79
List the prime factors of 5122.
2, 13, 197
What are the prime factors of 141563?
53, 2671
List the prime factors of 85051.
17, 5003
List the prime factors of 287.
7, 41
List the prime factors of 23072.
2, 7, 103
List the prime factors of 2333.
2333
What are the prime factors of 2191?
7, 313
What are the prime factors of 29234?
2, 47, 311
List the prime factors of 8178.
2, 3, 29, 47
List the prime factors of 1241.
17, 73
List the prime factors of 110322.
2, 3, 227
What are the prime factors of 155426?
2, 77713
List the prime factors of 5102.
2, 2551
What are the prime factors of 41?
41
List the prime factors of 18702.
2, 3, 1039
List the prime factors of 66.
2, 3, 11
List the prime factors of 2831.
19, 149
List the prime factors of 205.
5, 41
List the prime factors of 171622.
2, 11, 29, 269
List the prime factors of 36196.
2, 9049
What are the prime factors of 189?
3, 7
List the prime factors of 37316.
2, 19, 491
What are the prime factors of 38663?
23, 41
What are the prime factors of 490?
2, 5, 7
List the prime factors of 43864.
2, 5483
List the prime factors of 8533.
7, 23, 53
List the prime factors of 36137.
36137
List the prime factors of 18147.
3, 23, 263
What are the prime factors of 1080?
2, 3, 5
List the prime factors of 20651.
107, 193
What are the prime factors of 22305?
3, 5, 1487
List the prime factors of 16788.
2, 3, 1399
List the prime factors of 8475.
3, 5, 113
What are the prime factors of 5924?
2, 1481
What are the prime factors of 44807?
7, 37, 173
What are the prime factors of 1090?
2, 5, 109
What are the prime factors of 7373?
73, 101
List the prime factors of 5862.
2, 3, 977
List the prime factors of 1894.
2, 947
What are the prime factors of 435?
3, 5, 29
List the prime factors of 563.
563
List the prime factors of 13348.
2, 47, 71
What are the prime factors of 85940?
2, 5, 4297
List the prime factors of 3104.
2, 97
List the prime factors of 2157.
3, 719
List the prime factors of 330.
2, 3, 5, 11
What are the prime factors of 75?
3, 5
What are the prime factors of 12495?
3, 5, 7, 17
List the prime factors of 19849.
23, 863
What are the prime factors of 130712?
2, 16339
What are the prime factors of 1481?
1481
What are the prime factors of 4813?
4813
List the prime factors of 10465.
5, 7, 13, 23
What are the prime factors of 616?
2, 7, 11
List the prime factors of 334.
2, 167
What are the prime factors of 84409?
13, 43, 151
What are the prime factors of 29625?
3, 5, 79
List the prime factors of 2871.
3, 11, 29
List the prime factors of 1218.
2, 3, 7, 29
List the prime factors of 340.
2, 5, 17
What are the prime factors of 41660?
2, 5, 2083
What are the prime factors of 47675?
5, 1907
List the prime factors of 1172.
2, 293
List the prime factors of 7553.
7, 13, 83
List the prime factors of 1317.
3, 439
List the prime factors of 733.
733
What are the prime factors of 5002?
2, 41, 61
List the prime factors of 2415.
3, 5, 7, 23
What are the prime factors of 10260?
2, 3, 5, 19
List the prime factors of 835.
5, 167
What are the prime factors of 1066?
2, 13, 41
List the prime factors of 186.
2, 3, 31
What are the prime factors of 69764?
2, 107, 163
List the prime factors of 7327.
17, 431
What are the prime factors of 3145?
5, 17, 37
List the prime factors of 1612.
2, 13, 31
List the prime factors of 13379.
17, 787
What are the prime factors of 236?
2, 59
List the prime factors of 7329.
3, 7, 349